pose 672 = 2*y - 4*n, -2*y + 3*n + q = 6*n. Calculate the highest common factor of y and 48.
48
Suppose -3*n = -2*n. Let h(l) = l + 34. Let o be h(n). Let q(p) = -p**3 - 12*p**2 + 29*p + 31. Let t be q(-14). What is the highest common divisor of t and o?
17
Let g = 623 - 506. Calculate the greatest common divisor of g and 273.
39
Let z = -72 - 31. Let b = -88 - z. Calculate the highest common divisor of b and 30.
15
Let i be 2/3 + (-26)/(-6). Suppose 0 = -6*d + d + i. Let j be (-30)/d*(-3)/9. Calculate the greatest common divisor of j and 15.
5
Suppose n - 25 = 10. Let z(j) = -j**2 - 10*j + 14. Let i be z(-11). Let p be (2 + -16)*i/(-6). Calculate the highest common factor of p and n.
7
Let l(p) = -1289*p**3 + 5*p**2 + 8*p + 2. Let f be l(-1). What is the highest common factor of f and 14?
14
Suppose 19 = -5*z + 2*z - 5*r, -5*z - 2*r = 0. Suppose 31 + 5 = z*m. Calculate the highest common factor of m and 27.
9
Suppose 0 = -v + 2*h - 159, 4*v + 4*h + 457 = v. Let j = v - -299. Calculate the highest common divisor of j and 96.
48
Suppose 46*b + 356 = 49*b - 5*k, b + 3*k - 100 = 0. Calculate the greatest common factor of b and 80.
16
Suppose -p + 6 - 4 = 0. Suppose 5 = -p*q + 55. Calculate the highest common divisor of 10 and q.
5
Let t(h) = h**3 + 7*h**2 + 3*h + 2. Let q be t(-5). Suppose q*b + 15 = 38*b. Calculate the highest common divisor of b and 105.
15
Let c = -3 + 7. Suppose 3*f + c*k = -2, -2*f = -6*f + k - 9. Let x be (4*(-1)/f)/2. What is the greatest common divisor of 5 and x?
1
Let y = -1488 - -1552. What is the greatest common divisor of y and 1184?
32
Let g be 1*((44 - 3) + -5). What is the greatest common factor of g and 12?
12
Let y be ((-2)/(-5))/(-2 - (-4392)/2190). Let n = 78 - y. Calculate the greatest common factor of n and 15.
5
Suppose 4*m - 7 = 17. Let a be ((-3)/2)/((-6)/16). Calculate the greatest common factor of m and a.
2
Let w(q) = -49*q - 3. Let a be w(-3). Suppose 15 - 5 = 2*y. Suppose 54 = y*i - 2*i. Calculate the greatest common divisor of i and a.
18
Let t be (-2 - (-16)/(-3))/((-6)/9). Let l be 4/(-26) - 6876/(-78). Calculate the greatest common factor of l and t.
11
Let g be 2 - 0 - (1 + -5). Let w = -6 + g. Suppose 5*h - 4*h - 16 = w. What is the greatest common factor of h and 40?
8
Let s be (-1 - -3)*(-7)/(-2). Suppose 51 = -4*g + 5*c, -4*g + 3*c + 45 = -s*g. Let k be ((-2)/1 - g) + 3. Calculate the greatest common factor of k and 60.
15
Let m = 41 + -28. Suppose -4*j + 96 = -2*s, 130 - 12 = 5*j - 3*s. Calculate the highest common divisor of m and j.
13
Let d(a) = 383*a**2 + a + 2. Let g be d(-1). Let u(z) = 5*z + 253. Let m be u(-41). Calculate the highest common factor of m and g.
48
Suppose -4*i - 26 = -2*h, -2*h + 23 = -i - 4*i. Let s = h + 6. Let t be 236/10 - (-10)/s. What is the highest common factor of 8 and t?
8
Suppose 0 = -4*p - 2 + 10. Suppose -y = p*y - 30. Let k(o) = 2*o**3 - 4*o**2 + o + 4. Let q be k(3). Calculate the greatest common divisor of q and y.
5
Let i(f) be the first derivative of -f**2 + 8*f + 4. Let m be i(-11). Calculate the greatest common factor of 15 and m.
15
Suppose 0 = 4*w - 0*w. Suppose w = -5*q + 263 + 57. Suppose -5*d + q = 5*y + 19, y = 5*d + 3. What is the greatest common divisor of 1 and y?
1
Let t = 518 + -478. Let k be 2/4 - (-159)/2. Suppose -5*j + 80 = -5*o, k = j + 4*j + 4*o. Calculate the greatest common factor of t and j.
8
Let j(h) = 3*h**2 - 4 - 5*h**2 + 9*h**2 - h**3 + h. Let o be j(7). Calculate the greatest common divisor of o and 9.
3
Let z = -129 - -82. Let b = z + 77. Calculate the highest common factor of 10 and b.
10
Let r(k) = 33*k**2 - 15*k + 78. Let j be r(5). What is the greatest common divisor of j and 36?
36
Let m be (-435)/2*(-2)/3. Suppose 43 - 17 = s + 2*f, -5*s + 5*f + m = 0. Calculate the highest common factor of 7 and s.
7
Let j be 21*(1 - (-17)/7). Calculate the highest common divisor of j and 552.
24
Let s be ((-6)/(-8))/(1/264). Suppose 0 = -4*m + 8, 4*y + y + m - 92 = 0. What is the highest common divisor of y and s?
18
Let a be 22 - (3 - 3)*1. Suppose -t = 5*l + t - 35, 3*l + t - a = 0. What is the highest common factor of l and 72?
9
Let m = 1517 + -1247. Calculate the highest common factor of 630 and m.
90
Suppose -215 + 575 = 12*h. Calculate the greatest common factor of 15 and h.
15
Let u(l) = l + 18. Let n = -16 - -32. Let p = n - 23. Let r be u(p). What is the greatest common divisor of 55 and r?
11
Let x(t) = t**2 + t. Let j(g) = g**2 - 7*g + 6. Let b be j(6). Let v be x(b). Suppose v = -w + 5*w - 220. What is the greatest common factor of 5 and w?
5
Let c = 98 + -76. What is the highest common divisor of c and 396?
22
Suppose -5*y = -8 - 12, 5*s - 828 = 3*y. What is the greatest common factor of s and 112?
56
Let s(u) = u**3 + 2*u**2 + u + 2. Let g be s(-2). Let p = -2 - g. Let y be (p + 18)/(14/35). Calculate the greatest common divisor of y and 20.
20
Suppose -13*j = 21*j - 1190. What is the greatest common divisor of 55 and j?
5
Let c(n) = n**2 + 7*n - 2. Let j be c(2). Let z be 145 + 3 - 0 - 4. What is the greatest common divisor of j and z?
16
Suppose 0 = 3*q - 4*t - 236, -340 = q - 6*q - 4*t. Let h = 6437 - 6428. Calculate the highest common divisor of h and q.
9
Let p(v) = 10*v**2 - 4*v + 2. Let d be p(2). Suppose -5*b - 753 = -20*h + 16*h, 3*b + 564 = 3*h. Calculate the greatest common divisor of h and d.
17
Let i(a) = 16*a + a**3 + 16*a - 36*a. Let q be i(4). What is the greatest common factor of 6 and q?
6
Let l = 368 - -129. Calculate the greatest common factor of 7 and l.
7
Let a(u) = -5*u + 28. Let h be a(2). Let g be (6/(-10))/(4/(-60)). What is the highest common factor of g and h?
9
Let h(f) = -43*f + 125. Let v be h(-37). Calculate the highest common factor of 39 and v.
39
Suppose 0 = 20*c - 32*c + 396. What is the highest common factor of c and 264?
33
Let b be (312/30 + 0)/((-2)/(-5)). Suppose -b*d + 37*d = 220. What is the greatest common factor of d and 8?
4
Let o(q) = -q**3 - 13*q**2 + 109*q + 9. Let t be o(-19). What is the greatest common divisor of 637 and t?
13
Suppose 21*p - 18*p = 162. Suppose j + 4 - p = 0. What is the greatest common divisor of 10 and j?
10
Suppose -2*s + 106 = 4*c, -2*c = -6*c + 2*s + 118. Suppose -g - 5 = 4*x - c, -4*g = -2*x + 16. Calculate the greatest common factor of 24 and x.
6
Suppose -98 + 1149 = 3*z - 4*g, 1775 = 5*z - 2*g. Calculate the highest common factor of z and 51.
51
Let j(i) = 30*i**2 + 2*i - 2. Suppose 2*y - 2*n = 3*y + 3, 2*y + 8 = -5*n. Let q be j(y). Calculate the highest common divisor of 10 and q.
10
Let w = 560 + -101. What is the greatest common divisor of 17 and w?
17
Suppose -4404 = -5*m - 2*a, -a + 3937 + 465 = 5*m. Calculate the highest common factor of 80 and m.
80
Suppose 7*x - 26962 = -6739. What is the highest common divisor of 107 and x?
107
Let w = 2 + -27. Let y = 71 + w. What is the greatest common factor of 23 and y?
23
Suppose u = 5 - 5. Suppose 2*x - x - 66 = 3*f, u = -2*x + 3*f + 126. Calculate the greatest common divisor of x and 15.
15
Suppose 5*y - 441 = -4*g, 0 = -y + 8*g - 6*g + 77. Calculate the highest common divisor of y and 85.
85
Let r be (-4)/(-4 + 2) + 3. Suppose 4*i - 64 = -r*w, 0 = -2*w - 0*w. What is the highest common factor of 144 and i?
16
Suppose -5*i + 5 = -3*g, g - 4*g = -15. Suppose -3*q + 1 = n, -i*q + 10 = n + n. Calculate the highest common divisor of n and 143.
13
Suppose -6*i = -40 - 392. Calculate the highest common factor of i and 1224.
72
Let t be (1 + (-15)/6)/(3/(-4)). Suppose 0 = 4*h - 113 + 25. What is the greatest common factor of h and t?
2
Let q(j) = j**3 + 12*j**2 - 28*j + 3. Let z = 12 + -26. Let v be q(z). Let l = 84 + -51. Calculate the highest common factor of l and v.
3
Let u = 89 + -79. What is the greatest common divisor of u and 1270?
10
Let k = -362 - -418. Let w be ((-16)/(-6) + -3)*39. Let f be -7 - -8 - w*1. Calculate the greatest common factor of k and f.
14
Suppose -h + 4*g = -14, -2*h + 0*g + g + 21 = 0. Calculate the greatest common divisor of h and 230.
10
Suppose 2*s = -3*k - 10, s + 2 + 3 = -2*k. Suppose 10 = 3*j - 4*y, 2*y = -j - k*y. What is the highest common factor of 6 and j?
2
Let q be (-25230)/(-90) + (-8)/6. Calculate the highest common divisor of q and 62.
31
Suppose